?
34
Calculate the remainder when 3517 is divided by (-8280)/(-54) - ((-78)/(-18) - 4).
151
Let n(j) = 37*j - 33 + 117 - 39*j. What is the remainder when 357 is divided by n(30)?
21
Suppose -190 = -7*d - 2577. Let j = d + 360. What is the remainder when 75 is divided by j?
18
Let o(i) = -i + 36. Suppose -g = -11 - 12. Suppose -g = -10*k - 133. Calculate the remainder when 92 is divided by o(k).
45
Let i = 9489 - 8208. What is the remainder when i is divided by 13?
7
Let l(d) = d**3 - 5*d**2 + d - 32. Let j be l(6). Suppose j = 5*s, -3*s - 106 = -5*t - s. What is the remainder when 40 is divided by t?
18
Let o be (12/36)/(2/(-774)). Let h = o + 86. Let j = 236 + h. What is the remainder when j is divided by 39?
37
Let i(v) = 35*v**2 - 72*v - 11. Calculate the remainder when i(9) is divided by 14.
6
Let p be (1/(-1))/((-10)/200). Calculate the remainder when 6*p/(-15)*(-11)/4 is divided by 18.
4
Let k(z) = -223*z - 662. Let c(y) = -y + 2*y - 6 + 13 - y**2. Calculate the remainder when c(0) is divided by k(-3).
0
Let i(s) = -2*s**3 + 27*s**2 - 11*s + 10. Calculate the remainder when 1043 is divided by i(13).
35
Suppose 3*q + 2*q - 315 = 0. Let u = q + -24. Calculate the remainder when u is divided by 21/(-2)*(-2 - (-2)/3).
11
Suppose 2*f + r - 23 = 0, 0 = -3*f - 2*f - r + 59. What is the remainder when 18/21 + 2506/49 is divided by f?
4
Suppose 8 = -4*w - 8, -3*b + 3*w - 1191 = 0. Let u = -370 - b. Calculate the remainder when 216 is divided by u.
30
Suppose -3*z - 21 = 4*z. Calculate the remainder when ((-60)/9)/(4/(-36)) is divided by z + 4/(-6)*-36.
18
Suppose 0*j + 11*j = 121. Let b = j - 4. What is the remainder when (-3)/(-9) - (-118)/6 is divided by b?
6
Suppose -2*f + 67 = -i + 18, -i = -5. Suppose 21*m + 114 = f*m. Suppose -260 = -2*l - 0*l. What is the remainder when l is divided by m?
16
Let z(y) = y + 1. Let s be z(4). Suppose -5*f + q = -2*q - 307, s*q + 57 = f. Let x = -8265 + 8286. What is the remainder when f is divided by x?
20
Let z be (14/(-5 - -33))/(2/2188). Let y = 588 - z. What is the remainder when 119 is divided by y?
37
Suppose -12*d + 465 = -111. Let l = 168 - 110. Let k = l - 51. Calculate the remainder when d is divided by k.
6
Suppose -253*o - 4268 = -297*o. What is the remainder when 410 is divided by o?
22
Calculate the remainder when (-32)/24*19*6/(-4) is divided by (-4)/(-24)*42 - -4*1.
5
Suppose 0 = -5*q - 22 + 7, -2*l + 5*q + 55 = 0. Let m = -1307 - -1316. What is the remainder when l is divided by m?
2
Let j = 18 - 19. Let g be 70*(6/60)/(j/(-12)). Let c = g + -57. Calculate the remainder when 79 is divided by c.
25
Suppose -z + 50 = 3*y, 50 = 51*y - 49*y + 4*z. Calculate the remainder when 159 is divided by y.
9
Let y(r) = r**2 - 3*r - 58. Let o = -15 + 28. Calculate the remainder when y(o) is divided by 15.
12
Let x = -2789 + 2838. Calculate the remainder when 1370 is divided by x.
47
Suppose -5*c - i + 20 = -6*i, -2*c + i = -8. Suppose 133 = -z + c*z + 4*y, 4*y = z - 23. What is the remainder when z is divided by 39?
0
Let j(t) = -2*t**3 + 15*t**2 + 20*t - 27. What is the remainder when 420 is divided by j(7)?
96
Let v(c) = -635*c + 215. What is the remainder when 2976 is divided by v(-2)?
6
Suppose 6*f = 8*f - 4*a - 32, 0 = -2*f - a + 52. What is the remainder when (1 + 305/(-25))/(4/(-30)) is divided by f?
12
Suppose -15*z - 28 = -58. Calculate the remainder when (-2)/9 + (-548)/(-36) is divided by 6 + (z - -2) + -4.
3
Suppose 4*m = -2*j + 6, m + 0 = -3*j + 19. Calculate the remainder when 38 is divided by j.
3
Let s be 0/(-4 + 1 - -1). Suppose -3 = -y - s. Suppose -4*q - o + 413 = 0, -q = 2*o - y*o - 107. Calculate the remainder when q is divided by 27.
23
Let u be (66/(-24) - -4)*4. Suppose 5*h - 529 = 2*z + z, 5*h + u*z = 545. What is the remainder when h is divided by 22?
19
Let q be -3 - (-7 + 66)*1*-1. Let u(l) = -17*l + 0*l**2 - q*l**3 + 3*l**2 + 57*l**3 - 10. What is the remainder when u(-5) is divided by 7?
4
Let f(w) = 3*w**2 - 6*w - 11. Let o be f(7). Let u = 329 + -174. Let b = u - o. Calculate the remainder when b is divided by 21.
19
Let c(i) = -10*i - 24. Suppose 0 = -4*w + 221 - 233. Calculate the remainder when 28 is divided by c(w).
4
Let n(t) = -15*t + 667. Calculate the remainder when n(43) is divided by 20.
2
Let c = 7227 + -7163. Calculate the remainder when 111 is divided by c.
47
Let g be (30/(-6))/((-5)/3). Let p be (15/25)/(42/(-15) + g). What is the remainder when p/(-12) + 1640/32 is divided by 13?
12
Let w = -46504 - -46515. Suppose 0 = -5*a + 2*u + 73, -2*a + 0*a = -3*u - 38. What is the remainder when a is divided by w?
2
Let n = 439 + -318. Suppose -10*k - 38 = -258. Calculate the remainder when n is divided by k.
11
Suppose -48*t - 22*t + 2835 = -7*t. Calculate the remainder when 357 is divided by t.
42
Let d(j) = -j**2 - 3*j + 8. Let k be d(0). Suppose 2*r - k = 10. Let t = 62 - r. Calculate the remainder when t is divided by 18.
17
Suppose 2*g - 5*g + 51 = 0. Let a = -2008 + 2141. Calculate the remainder when a is divided by g.
14
Suppose c + p - 988 = 0, 6*p = c - 541 - 426. What is the remainder when c is divided by 158?
37
Let m(z) = -16*z - 131. Suppose 7*r - 38 = -101. What is the remainder when m(r) is divided by 3?
1
Let i(u) = 5*u**2 + u - 4. Let q be i(2). Let m be ((-10)/3 - 2)*(-15)/4. Let o = m + q. Calculate the remainder when 263 is divided by o.
35
Suppose -u - t + 154 = -0*t, u + 4*t = 148. What is the remainder when 2025 is divided by u?
153
Suppose 0 = -27*u + 21*u + 906. Suppose 4*x + 0*x = 20, -5*d - 5*x + 290 = 0. What is the remainder when u is divided by d?
45
Let l = 44 + -91. Let n(f) = -27*f - 64. Let d be n(0). Let x = l - d. Calculate the remainder when x is divided by 6.
5
Suppose -5*t - h = -307, -3*t + 19*h - 21*h + 187 = 0. Calculate the remainder when 1387 is divided by t.
45
Let f(i) = 25*i - 1464. Calculate the remainder when f(76) is divided by 107.
8
Let d(l) = 8*l**2 - 5*l. Let a be d(-3). Let t = 89 - a. Suppose -7*c + 120 = -t*c. What is the remainder when c is divided by 7?
3
Let j = -6 + 33. Let m = 59 - j. Calculate the remainder when m is divided by (-903)/(-189) + (-2)/(-9).
2
Let h(g) = 36. Let x(a) = -a + 71. Let j(y) = -7*h(y) + 4*x(y). Let t = 61 - 42. Calculate the remainder when t is divided by j(7).
3
Suppose 5*m - 65 = -b, 74*m - 72*m = -5*b + 302. What is the remainder when 474 is divided by b?
54
Suppose 5*c = -4*p + 67, 3*p - 49 = -99*c + 95*c. Calculate the remainder when (-1002)/(-9) - 2/(-3) is divided by p.
20
Let a(h) = 2*h**2 - 8*h + 8. Suppose 9*k + 23177 - 4256 = 128*k. What is the remainder when k is divided by a(6)?
31
Let h(t) = t**3 - 9*t**2 + 16*t - 49. Suppose 0 = -4*g - 3*f + 32, 0*f - 5*f - 32 = -4*g. Calculate the remainder when 44 is divided by h(g).
14
Suppose -x - 138 = -c, x - 80 = -c + 62. Suppose -2*p = -14 - 12. Calculate the remainder when c is divided by p.
10
Let m = -41 + 46. Suppose -1071 = -4*s + 3*l, m*s = l + 203 + 1122. Calculate the remainder when s is divided by 19.
17
Suppose 2*v = 18 - 2. Suppose v*u - 2240 = -6*u. What is the remainder when u is divided by 33?
28
Suppose u + 3*u - 136 = 0. What is the remainder when (-15 - (-440)/30)/((-1)/285) is divided by u?
27
Suppose -1801 = -2*u - 9*s + 6*s, 0 = 2*s - 2. What is the remainder when u is divided by 17?
15
Suppose -28*a - 109 + 361 = 0. Suppose 0 = -a*j - 7*j + 208. Calculate the remainder when 168 is divided by j.
12
Let z(a) = a**3 - 38*a**2 + 105*a + 28. What is the remainder when 739 is divided by z(35)?
11
Suppose 4*q - k - 1361 = 0, -17*k + 18*k = -5. Calculate the remainder when q is divided by 14.
3
Suppose 4*k = 3*a + 24, 4*k - 14*a + 19*a = 56. Suppose -3208 = f - k*f. What is the remainder when f is divided by 13?
11
Suppose -2*g + 858 - 938 = 0. Suppose -3*s - 118 = -5*s. Let v = s + g. What is the remainder when 131 is divided by v?
17
Let l(q) = 22*q + 167. Suppose 2*v - f - 6 + 3 = 0, 0 = 4*f - 12. Suppose -v*x + 151 = 46. What is the remainder when x is divided by l(-7)?
9
Suppose -47*y - 9863 - 14718 = 0. Let q = -267 - y. What is the remainder when q is divided by 88?
80
Let d(g) = g + 210. What is the remainder when 229 is divided by d(-112)?
33
Let s = -175 + 171. What is the remainder when (s + -40)*